{"id":615369,"date":"2023-03-01T10:09:10","date_gmt":"2023-03-01T13:09:10","guid":{"rendered":"https:\/\/revistas.uc.cl\/?post_type=tnc_col_614192_item&#038;p=615369"},"modified":"2023-03-01T10:09:11","modified_gmt":"2023-03-01T13:09:11","slug":"conceptualizando-la-fortaleza-del-estado-mas-alla-de-los-estados-debiles-o-fuertes","status":"publish","type":"tnc_col_614192_item","link":"https:\/\/revistas.uc.cl\/en\/revista-de-ciencia-politica\/conceptualizando-la-fortaleza-del-estado-mas-alla-de-los-estados-debiles-o-fuertes\/","title":{"rendered":"Conceptualizando la fortaleza del Estado: M\u00e1s all\u00e1 de los estados d\u00e9biles o fuertes"},"content":{"rendered":"<p>La literatura especializada ha considerado a la capacidad estatal como un factor importante para garantizar la viabilidad de diferentes fen\u00f3menos pol\u00edticos y econ\u00f3micos como, por ejemplo, la consolidaci\u00f3n democr\u00e1tica, el estado de derecho, la adecuada provisi\u00f3n de bienes p\u00fablicos y el crecimiento econ\u00f3mico. A pesar de la importancia de la capacidad estatal, solo algunos pocos trabajos acad\u00e9micos han explorado sistem\u00e1ticamente la definici\u00f3n as\u00ed como las dimensiones constitutivas de este concepto. Este art\u00edculo busca (a) precisar la conceptualizaci\u00f3n de capacidad estatal, (b) echar luz sobre los efectos que tienen las reglas de agregaci\u00f3n a efectos de alcanzar diferenciaci\u00f3n entre casos emp\u00edricos (e.g., pa\u00edses) y (c) brindar herramientas conceptuales para superar la cl\u00e1sica dicotom\u00eda entre estados d\u00e9biles y estados fuertes.<\/p>","protected":false},"featured_media":0,"parent":0,"menu_order":0,"comment_status":"closed","ping_status":"closed","template":"","format":"standard","class_list":["post-615369","tnc_col_614192_item","type-tnc_col_614192_item","status-publish","format-standard","hentry"],"acf":[],"yoast_head":"<!-- This site is optimized with the Yoast SEO plugin v22.6 - https:\/\/yoast.com\/wordpress\/plugins\/seo\/ -->\n<title>Portal de Revistas<\/title>\n<meta name=\"robots\" content=\"index, follow, max-snippet:-1, max-image-preview:large, max-video-preview:-1\" \/>\n<link rel=\"canonical\" href=\"https:\/\/revistas.uc.cl\/en\/revista-de-ciencia-politica\/conceptualizando-la-fortaleza-del-estado-mas-alla-de-los-estados-debiles-o-fuertes\/\" \/>\n<meta property=\"og:locale\" content=\"en_US\" \/>\n<meta property=\"og:type\" content=\"article\" \/>\n<meta property=\"og:title\" content=\"Conceptualizando la fortaleza del Estado: M\u00e1s all\u00e1 de los estados d\u00e9biles o fuertes - Portal de Revistas\" \/>\n<meta property=\"og:description\" content=\"La literatura especializada ha considerado a la capacidad estatal como un factor importante para garantizar la viabilidad de diferentes fen\u00f3menos pol\u00edticos y econ\u00f3micos como, por ejemplo, la consolidaci\u00f3n democr\u00e1tica, el estado de derecho, la adecuada provisi\u00f3n de bienes p\u00fablicos y el crecimiento econ\u00f3mico. A pesar de la importancia de la capacidad estatal, solo algunos pocos [&hellip;]\" \/>\n<meta property=\"og:url\" content=\"https:\/\/revistas.uc.cl\/en\/revista-de-ciencia-politica\/conceptualizando-la-fortaleza-del-estado-mas-alla-de-los-estados-debiles-o-fuertes\/\" \/>\n<meta property=\"og:site_name\" content=\"Portal de Revistas\" \/>\n<meta property=\"article:modified_time\" content=\"2023-03-01T13:09:11+00:00\" \/>\n<meta name=\"twitter:card\" content=\"summary_large_image\" \/>\n<meta name=\"twitter:label1\" content=\"Est. reading time\" \/>\n\t<meta name=\"twitter:data1\" content=\"1 minute\" \/>\n<script type=\"application\/ld+json\" class=\"yoast-schema-graph\">{\"@context\":\"https:\/\/schema.org\",\"@graph\":[{\"@type\":\"WebPage\",\"@id\":\"https:\/\/revistas.uc.cl\/revista-de-ciencia-politica\/conceptualizando-la-fortaleza-del-estado-mas-alla-de-los-estados-debiles-o-fuertes\/\",\"url\":\"https:\/\/revistas.uc.cl\/revista-de-ciencia-politica\/conceptualizando-la-fortaleza-del-estado-mas-alla-de-los-estados-debiles-o-fuertes\/\",\"name\":\"Conceptualizando la fortaleza del Estado: M\u00e1s all\u00e1 de los estados d\u00e9biles o fuertes - Portal de Revistas\",\"isPartOf\":{\"@id\":\"https:\/\/revistas.uc.cl\/#website\"},\"datePublished\":\"2023-03-01T13:09:10+00:00\",\"dateModified\":\"2023-03-01T13:09:11+00:00\",\"breadcrumb\":{\"@id\":\"https:\/\/revistas.uc.cl\/revista-de-ciencia-politica\/conceptualizando-la-fortaleza-del-estado-mas-alla-de-los-estados-debiles-o-fuertes\/#breadcrumb\"},\"inLanguage\":\"en-US\",\"potentialAction\":[{\"@type\":\"ReadAction\",\"target\":[\"https:\/\/revistas.uc.cl\/revista-de-ciencia-politica\/conceptualizando-la-fortaleza-del-estado-mas-alla-de-los-estados-debiles-o-fuertes\/\"]}]},{\"@type\":\"BreadcrumbList\",\"@id\":\"https:\/\/revistas.uc.cl\/revista-de-ciencia-politica\/conceptualizando-la-fortaleza-del-estado-mas-alla-de-los-estados-debiles-o-fuertes\/#breadcrumb\",\"itemListElement\":[{\"@type\":\"ListItem\",\"position\":1,\"name\":\"Portada\",\"item\":\"https:\/\/revistas.uc.cl\/\"},{\"@type\":\"ListItem\",\"position\":2,\"name\":\"Revista de Ciencia Pol\u00edtica\",\"item\":\"https:\/\/revistas.uc.cl\/revista-de-ciencia-politica\/\"},{\"@type\":\"ListItem\",\"position\":3,\"name\":\"Conceptualizando la fortaleza del Estado: M\u00e1s all\u00e1 de los estados d\u00e9biles o fuertes\"}]},{\"@type\":\"WebSite\",\"@id\":\"https:\/\/revistas.uc.cl\/#website\",\"url\":\"https:\/\/revistas.uc.cl\/\",\"name\":\"Portal de Revistas\",\"description\":\"Informaci\u00f3n de las revistas de investigaci\u00f3n de la UC\",\"potentialAction\":[{\"@type\":\"SearchAction\",\"target\":{\"@type\":\"EntryPoint\",\"urlTemplate\":\"https:\/\/revistas.uc.cl\/?s={search_term_string}\"},\"query-input\":\"required name=search_term_string\"}],\"inLanguage\":\"en-US\"}]}<\/script>\n<!-- \/ Yoast SEO plugin. -->","yoast_head_json":{"title":"Portal de Revistas","robots":{"index":"index","follow":"follow","max-snippet":"max-snippet:-1","max-image-preview":"max-image-preview:large","max-video-preview":"max-video-preview:-1"},"canonical":"https:\/\/revistas.uc.cl\/en\/revista-de-ciencia-politica\/conceptualizando-la-fortaleza-del-estado-mas-alla-de-los-estados-debiles-o-fuertes\/","og_locale":"en_US","og_type":"article","og_title":"Conceptualizando la fortaleza del Estado: M\u00e1s all\u00e1 de los estados d\u00e9biles o fuertes - Portal de Revistas","og_description":"La literatura especializada ha considerado a la capacidad estatal como un factor importante para garantizar la viabilidad de diferentes fen\u00f3menos pol\u00edticos y econ\u00f3micos como, por ejemplo, la consolidaci\u00f3n democr\u00e1tica, el estado de derecho, la adecuada provisi\u00f3n de bienes p\u00fablicos y el crecimiento econ\u00f3mico. A pesar de la importancia de la capacidad estatal, solo algunos pocos [&hellip;]","og_url":"https:\/\/revistas.uc.cl\/en\/revista-de-ciencia-politica\/conceptualizando-la-fortaleza-del-estado-mas-alla-de-los-estados-debiles-o-fuertes\/","og_site_name":"Portal de Revistas","article_modified_time":"2023-03-01T13:09:11+00:00","twitter_card":"summary_large_image","twitter_misc":{"Est. reading time":"1 minute"},"schema":{"@context":"https:\/\/schema.org","@graph":[{"@type":"WebPage","@id":"https:\/\/revistas.uc.cl\/revista-de-ciencia-politica\/conceptualizando-la-fortaleza-del-estado-mas-alla-de-los-estados-debiles-o-fuertes\/","url":"https:\/\/revistas.uc.cl\/revista-de-ciencia-politica\/conceptualizando-la-fortaleza-del-estado-mas-alla-de-los-estados-debiles-o-fuertes\/","name":"Conceptualizando la fortaleza del Estado: M\u00e1s all\u00e1 de los estados d\u00e9biles o fuertes - Portal de Revistas","isPartOf":{"@id":"https:\/\/revistas.uc.cl\/#website"},"datePublished":"2023-03-01T13:09:10+00:00","dateModified":"2023-03-01T13:09:11+00:00","breadcrumb":{"@id":"https:\/\/revistas.uc.cl\/revista-de-ciencia-politica\/conceptualizando-la-fortaleza-del-estado-mas-alla-de-los-estados-debiles-o-fuertes\/#breadcrumb"},"inLanguage":"en-US","potentialAction":[{"@type":"ReadAction","target":["https:\/\/revistas.uc.cl\/revista-de-ciencia-politica\/conceptualizando-la-fortaleza-del-estado-mas-alla-de-los-estados-debiles-o-fuertes\/"]}]},{"@type":"BreadcrumbList","@id":"https:\/\/revistas.uc.cl\/revista-de-ciencia-politica\/conceptualizando-la-fortaleza-del-estado-mas-alla-de-los-estados-debiles-o-fuertes\/#breadcrumb","itemListElement":[{"@type":"ListItem","position":1,"name":"Portada","item":"https:\/\/revistas.uc.cl\/"},{"@type":"ListItem","position":2,"name":"Revista de Ciencia Pol\u00edtica","item":"https:\/\/revistas.uc.cl\/revista-de-ciencia-politica\/"},{"@type":"ListItem","position":3,"name":"Conceptualizando la fortaleza del Estado: M\u00e1s all\u00e1 de los estados d\u00e9biles o fuertes"}]},{"@type":"WebSite","@id":"https:\/\/revistas.uc.cl\/#website","url":"https:\/\/revistas.uc.cl\/","name":"Portal de Revistas","description":"Informaci\u00f3n de las revistas de investigaci\u00f3n de la UC","potentialAction":[{"@type":"SearchAction","target":{"@type":"EntryPoint","urlTemplate":"https:\/\/revistas.uc.cl\/?s={search_term_string}"},"query-input":"required name=search_term_string"}],"inLanguage":"en-US"}]}},"_links":{"self":[{"href":"https:\/\/revistas.uc.cl\/en\/wp-json\/wp\/v2\/tnc_col_614192_item\/615369","targetHints":{"allow":["GET"]}}],"collection":[{"href":"https:\/\/revistas.uc.cl\/en\/wp-json\/wp\/v2\/tnc_col_614192_item"}],"about":[{"href":"https:\/\/revistas.uc.cl\/en\/wp-json\/wp\/v2\/types\/tnc_col_614192_item"}],"replies":[{"embeddable":true,"href":"https:\/\/revistas.uc.cl\/en\/wp-json\/wp\/v2\/comments?post=615369"}],"version-history":[{"count":0,"href":"https:\/\/revistas.uc.cl\/en\/wp-json\/wp\/v2\/tnc_col_614192_item\/615369\/revisions"}],"wp:attachment":[{"href":"https:\/\/revistas.uc.cl\/en\/wp-json\/wp\/v2\/media?parent=615369"}],"curies":[{"name":"wp","href":"https:\/\/api.w.org\/{rel}","templated":true}]}}

Conceptualizando la fortaleza del Estado: Más allá de los estados débiles o fuertes

<p>La literatura especializada ha considerado a la capacidad estatal como un factor importante para garantizar la viabilidad de diferentes fenómenos políticos y económicos como, por ejemplo, la consolidación democrática, el estado de derecho, la adecuada provisión de bienes públicos y el crecimiento económico. A pesar de la importancia de la capacidad estatal, solo algunos pocos trabajos académicos han explorado sistemáticamente la definición así como las dimensiones constitutivas de este concepto. Este artículo busca (a) precisar la conceptualización de capacidad estatal, (b) echar luz sobre los efectos que tienen las reglas de agregación a efectos de alcanzar diferenciación entre casos empíricos (e.g., países) y (c) brindar herramientas conceptuales para superar la clásica dicotomía entre estados débiles y estados fuertes.</p>

<!-- This site is optimized with the Yoast SEO plugin v22.6 - https://yoast.com/wordpress/plugins/seo/ -->
<title>Portal de Revistas</title>
<meta name="robots" content="index, follow, max-snippet:-1, max-image-preview:large, max-video-preview:-1" />
<link rel="canonical" href="https://revistas.uc.cl/en/revista-de-ciencia-politica/conceptualizando-la-fortaleza-del-estado-mas-alla-de-los-estados-debiles-o-fuertes/" />
<meta property="og:locale" content="en_US" />
<meta property="og:type" content="article" />
<meta property="og:title" content="Conceptualizando la fortaleza del Estado: Más allá de los estados débiles o fuertes - Portal de Revistas" />
<meta property="og:description" content="La literatura especializada ha considerado a la capacidad estatal como un factor importante para garantizar la viabilidad de diferentes fenómenos políticos y económicos como, por ejemplo, la consolidación democrática, el estado de derecho, la adecuada provisión de bienes públicos y el crecimiento económico. A pesar de la importancia de la capacidad estatal, solo algunos pocos [&hellip;]" />
<meta property="og:url" content="https://revistas.uc.cl/en/revista-de-ciencia-politica/conceptualizando-la-fortaleza-del-estado-mas-alla-de-los-estados-debiles-o-fuertes/" />
<meta property="og:site_name" content="Portal de Revistas" />
<meta property="article:modified_time" content="2023-03-01T13:09:11+00:00" />
<meta name="twitter:card" content="summary_large_image" />
<meta name="twitter:label1" content="Est. reading time" />
	<meta name="twitter:data1" content="1 minute" />
<script type="application/ld+json" class="yoast-schema-graph">{"@context":"https://schema.org","@graph":[{"@type":"WebPage","@id":"https://revistas.uc.cl/revista-de-ciencia-politica/conceptualizando-la-fortaleza-del-estado-mas-alla-de-los-estados-debiles-o-fuertes/","url":"https://revistas.uc.cl/revista-de-ciencia-politica/conceptualizando-la-fortaleza-del-estado-mas-alla-de-los-estados-debiles-o-fuertes/","name":"Conceptualizando la fortaleza del Estado: Más allá de los estados débiles o fuertes - Portal de Revistas","isPartOf":{"@id":"https://revistas.uc.cl/#website"},"datePublished":"2023-03-01T13:09:10+00:00","dateModified":"2023-03-01T13:09:11+00:00","breadcrumb":{"@id":"https://revistas.uc.cl/revista-de-ciencia-politica/conceptualizando-la-fortaleza-del-estado-mas-alla-de-los-estados-debiles-o-fuertes/#breadcrumb"},"inLanguage":"en-US","potentialAction":[{"@type":"ReadAction","target":["https://revistas.uc.cl/revista-de-ciencia-politica/conceptualizando-la-fortaleza-del-estado-mas-alla-de-los-estados-debiles-o-fuertes/"]}]},{"@type":"BreadcrumbList","@id":"https://revistas.uc.cl/revista-de-ciencia-politica/conceptualizando-la-fortaleza-del-estado-mas-alla-de-los-estados-debiles-o-fuertes/#breadcrumb","itemListElement":[{"@type":"ListItem","position":1,"name":"Portada","item":"https://revistas.uc.cl/"},{"@type":"ListItem","position":2,"name":"Revista de Ciencia Política","item":"https://revistas.uc.cl/revista-de-ciencia-politica/"},{"@type":"ListItem","position":3,"name":"Conceptualizando la fortaleza del Estado: Más allá de los estados débiles o fuertes"}]},{"@type":"WebSite","@id":"https://revistas.uc.cl/#website","url":"https://revistas.uc.cl/","name":"Portal de Revistas","description":"Información de las revistas de investigación de la UC","potentialAction":[{"@type":"SearchAction","target":{"@type":"EntryPoint","urlTemplate":"https://revistas.uc.cl/?s={search_term_string}"},"query-input":"required name=search_term_string"}],"inLanguage":"en-US"}]}</script>
<!-- / Yoast SEO plugin. -->

Conceptualizando la fortaleza del Estado: Más allá de los estados débiles o fuertes - Portal de Revistas

La literatura especializada ha considerado a la capacidad estatal como un factor importante para garantizar la viabilidad de diferentes fenómenos políticos y económicos como, por ejemplo, la consolidación democrática, el estado de derecho, la adecuada provisión de bienes públicos y el crecimiento económico. A pesar de la importancia de la capacidad estatal, solo algunos pocos [&hellip;]

Revista de Ciencia Política

Información de las revistas de investigación de la UC
