{"id":614282,"date":"2023-03-01T10:01:33","date_gmt":"2023-03-01T13:01:33","guid":{"rendered":"https:\/\/revistas.uc.cl\/?post_type=tnc_col_613085_item&#038;p=614282"},"modified":"2023-03-01T10:01:33","modified_gmt":"2023-03-01T13:01:33","slug":"retardo-mental-socio-cultural","status":"publish","type":"tnc_col_613085_item","link":"https:\/\/revistas.uc.cl\/en\/psykhe\/retardo-mental-socio-cultural\/","title":{"rendered":"Retardo Mental Socio Cultural"},"content":{"rendered":"<p>Se analiza el concepto de deprivaci\u00f3n&nbsp;psicol\u00f3gica desde una perspectiva hist\u00f3rica hasta llegar al de deprivaci\u00f3n socio-cultural y al retardo mental socio-cultural. Se analiza cr\u00edticamente el t\u00e9rmino retardo, enfatizando que, en esencia, se trata de diferencias socio-culturales que afectan a los ni\u00f1os de nivel socioecon\u00f3mico bajo, que se transforman en desventajas, al tratar de incorporarse al sistema escolar dise\u00f1ado seg\u00fan est\u00e1ndares de la cultura dominante.<\/p>","protected":false},"featured_media":0,"parent":0,"menu_order":0,"comment_status":"closed","ping_status":"closed","template":"","format":"standard","class_list":["post-614282","tnc_col_613085_item","type-tnc_col_613085_item","status-publish","format-standard","hentry"],"acf":[],"yoast_head":"<!-- This site is optimized with the Yoast SEO plugin v22.6 - https:\/\/yoast.com\/wordpress\/plugins\/seo\/ -->\n<title>Portal de Revistas<\/title>\n<meta name=\"robots\" content=\"index, follow, max-snippet:-1, max-image-preview:large, max-video-preview:-1\" \/>\n<link rel=\"canonical\" href=\"https:\/\/revistas.uc.cl\/en\/psykhe\/retardo-mental-socio-cultural\/\" \/>\n<meta property=\"og:locale\" content=\"en_US\" \/>\n<meta property=\"og:type\" content=\"article\" \/>\n<meta property=\"og:title\" content=\"Retardo Mental Socio Cultural - Portal de Revistas\" \/>\n<meta property=\"og:description\" content=\"Se analiza el concepto de deprivaci\u00f3n&nbsp;psicol\u00f3gica desde una perspectiva hist\u00f3rica hasta llegar al de deprivaci\u00f3n socio-cultural y al retardo mental socio-cultural. Se analiza cr\u00edticamente el t\u00e9rmino retardo, enfatizando que, en esencia, se trata de diferencias socio-culturales que afectan a los ni\u00f1os de nivel socioecon\u00f3mico bajo, que se transforman en desventajas, al tratar de incorporarse al [&hellip;]\" \/>\n<meta property=\"og:url\" content=\"https:\/\/revistas.uc.cl\/en\/psykhe\/retardo-mental-socio-cultural\/\" \/>\n<meta property=\"og:site_name\" content=\"Portal de Revistas\" \/>\n<meta name=\"twitter:card\" content=\"summary_large_image\" \/>\n<script type=\"application\/ld+json\" class=\"yoast-schema-graph\">{\"@context\":\"https:\/\/schema.org\",\"@graph\":[{\"@type\":\"WebPage\",\"@id\":\"https:\/\/revistas.uc.cl\/psykhe\/retardo-mental-socio-cultural\/\",\"url\":\"https:\/\/revistas.uc.cl\/psykhe\/retardo-mental-socio-cultural\/\",\"name\":\"Retardo Mental Socio Cultural - Portal de Revistas\",\"isPartOf\":{\"@id\":\"https:\/\/revistas.uc.cl\/#website\"},\"datePublished\":\"2023-03-01T13:01:33+00:00\",\"dateModified\":\"2023-03-01T13:01:33+00:00\",\"breadcrumb\":{\"@id\":\"https:\/\/revistas.uc.cl\/psykhe\/retardo-mental-socio-cultural\/#breadcrumb\"},\"inLanguage\":\"en-US\",\"potentialAction\":[{\"@type\":\"ReadAction\",\"target\":[\"https:\/\/revistas.uc.cl\/psykhe\/retardo-mental-socio-cultural\/\"]}]},{\"@type\":\"BreadcrumbList\",\"@id\":\"https:\/\/revistas.uc.cl\/psykhe\/retardo-mental-socio-cultural\/#breadcrumb\",\"itemListElement\":[{\"@type\":\"ListItem\",\"position\":1,\"name\":\"Portada\",\"item\":\"https:\/\/revistas.uc.cl\/\"},{\"@type\":\"ListItem\",\"position\":2,\"name\":\"Psykhe\",\"item\":\"https:\/\/revistas.uc.cl\/psykhe\/\"},{\"@type\":\"ListItem\",\"position\":3,\"name\":\"Retardo Mental Socio Cultural\"}]},{\"@type\":\"WebSite\",\"@id\":\"https:\/\/revistas.uc.cl\/#website\",\"url\":\"https:\/\/revistas.uc.cl\/\",\"name\":\"Portal de Revistas\",\"description\":\"Informaci\u00f3n de las revistas de investigaci\u00f3n de la UC\",\"potentialAction\":[{\"@type\":\"SearchAction\",\"target\":{\"@type\":\"EntryPoint\",\"urlTemplate\":\"https:\/\/revistas.uc.cl\/?s={search_term_string}\"},\"query-input\":\"required name=search_term_string\"}],\"inLanguage\":\"en-US\"}]}<\/script>\n<!-- \/ Yoast SEO plugin. -->","yoast_head_json":{"title":"Portal de Revistas","robots":{"index":"index","follow":"follow","max-snippet":"max-snippet:-1","max-image-preview":"max-image-preview:large","max-video-preview":"max-video-preview:-1"},"canonical":"https:\/\/revistas.uc.cl\/en\/psykhe\/retardo-mental-socio-cultural\/","og_locale":"en_US","og_type":"article","og_title":"Retardo Mental Socio Cultural - Portal de Revistas","og_description":"Se analiza el concepto de deprivaci\u00f3n&nbsp;psicol\u00f3gica desde una perspectiva hist\u00f3rica hasta llegar al de deprivaci\u00f3n socio-cultural y al retardo mental socio-cultural. Se analiza cr\u00edticamente el t\u00e9rmino retardo, enfatizando que, en esencia, se trata de diferencias socio-culturales que afectan a los ni\u00f1os de nivel socioecon\u00f3mico bajo, que se transforman en desventajas, al tratar de incorporarse al [&hellip;]","og_url":"https:\/\/revistas.uc.cl\/en\/psykhe\/retardo-mental-socio-cultural\/","og_site_name":"Portal de Revistas","twitter_card":"summary_large_image","schema":{"@context":"https:\/\/schema.org","@graph":[{"@type":"WebPage","@id":"https:\/\/revistas.uc.cl\/psykhe\/retardo-mental-socio-cultural\/","url":"https:\/\/revistas.uc.cl\/psykhe\/retardo-mental-socio-cultural\/","name":"Retardo Mental Socio Cultural - Portal de Revistas","isPartOf":{"@id":"https:\/\/revistas.uc.cl\/#website"},"datePublished":"2023-03-01T13:01:33+00:00","dateModified":"2023-03-01T13:01:33+00:00","breadcrumb":{"@id":"https:\/\/revistas.uc.cl\/psykhe\/retardo-mental-socio-cultural\/#breadcrumb"},"inLanguage":"en-US","potentialAction":[{"@type":"ReadAction","target":["https:\/\/revistas.uc.cl\/psykhe\/retardo-mental-socio-cultural\/"]}]},{"@type":"BreadcrumbList","@id":"https:\/\/revistas.uc.cl\/psykhe\/retardo-mental-socio-cultural\/#breadcrumb","itemListElement":[{"@type":"ListItem","position":1,"name":"Portada","item":"https:\/\/revistas.uc.cl\/"},{"@type":"ListItem","position":2,"name":"Psykhe","item":"https:\/\/revistas.uc.cl\/psykhe\/"},{"@type":"ListItem","position":3,"name":"Retardo Mental Socio Cultural"}]},{"@type":"WebSite","@id":"https:\/\/revistas.uc.cl\/#website","url":"https:\/\/revistas.uc.cl\/","name":"Portal de Revistas","description":"Informaci\u00f3n de las revistas de investigaci\u00f3n de la UC","potentialAction":[{"@type":"SearchAction","target":{"@type":"EntryPoint","urlTemplate":"https:\/\/revistas.uc.cl\/?s={search_term_string}"},"query-input":"required name=search_term_string"}],"inLanguage":"en-US"}]}},"_links":{"self":[{"href":"https:\/\/revistas.uc.cl\/en\/wp-json\/wp\/v2\/tnc_col_613085_item\/614282","targetHints":{"allow":["GET"]}}],"collection":[{"href":"https:\/\/revistas.uc.cl\/en\/wp-json\/wp\/v2\/tnc_col_613085_item"}],"about":[{"href":"https:\/\/revistas.uc.cl\/en\/wp-json\/wp\/v2\/types\/tnc_col_613085_item"}],"replies":[{"embeddable":true,"href":"https:\/\/revistas.uc.cl\/en\/wp-json\/wp\/v2\/comments?post=614282"}],"version-history":[{"count":0,"href":"https:\/\/revistas.uc.cl\/en\/wp-json\/wp\/v2\/tnc_col_613085_item\/614282\/revisions"}],"wp:attachment":[{"href":"https:\/\/revistas.uc.cl\/en\/wp-json\/wp\/v2\/media?parent=614282"}],"curies":[{"name":"wp","href":"https:\/\/api.w.org\/{rel}","templated":true}]}}

<p>Se analiza el concepto de deprivación&nbsp;psicológica desde una perspectiva histórica hasta llegar al de deprivación socio-cultural y al retardo mental socio-cultural. Se analiza críticamente el término retardo, enfatizando que, en esencia, se trata de diferencias socio-culturales que afectan a los niños de nivel socioeconómico bajo, que se transforman en desventajas, al tratar de incorporarse al sistema escolar diseñado según estándares de la cultura dominante.</p>

<!-- This site is optimized with the Yoast SEO plugin v22.6 - https://yoast.com/wordpress/plugins/seo/ -->
<title>Portal de Revistas</title>
<meta name="robots" content="index, follow, max-snippet:-1, max-image-preview:large, max-video-preview:-1" />
<link rel="canonical" href="https://revistas.uc.cl/en/psykhe/retardo-mental-socio-cultural/" />
<meta property="og:locale" content="en_US" />
<meta property="og:type" content="article" />
<meta property="og:title" content="Retardo Mental Socio Cultural - Portal de Revistas" />
<meta property="og:description" content="Se analiza el concepto de deprivación&nbsp;psicológica desde una perspectiva histórica hasta llegar al de deprivación socio-cultural y al retardo mental socio-cultural. Se analiza críticamente el término retardo, enfatizando que, en esencia, se trata de diferencias socio-culturales que afectan a los niños de nivel socioeconómico bajo, que se transforman en desventajas, al tratar de incorporarse al [&hellip;]" />
<meta property="og:url" content="https://revistas.uc.cl/en/psykhe/retardo-mental-socio-cultural/" />
<meta property="og:site_name" content="Portal de Revistas" />
<meta name="twitter:card" content="summary_large_image" />
<script type="application/ld+json" class="yoast-schema-graph">{"@context":"https://schema.org","@graph":[{"@type":"WebPage","@id":"https://revistas.uc.cl/psykhe/retardo-mental-socio-cultural/","url":"https://revistas.uc.cl/psykhe/retardo-mental-socio-cultural/","name":"Retardo Mental Socio Cultural - Portal de Revistas","isPartOf":{"@id":"https://revistas.uc.cl/#website"},"datePublished":"2023-03-01T13:01:33+00:00","dateModified":"2023-03-01T13:01:33+00:00","breadcrumb":{"@id":"https://revistas.uc.cl/psykhe/retardo-mental-socio-cultural/#breadcrumb"},"inLanguage":"en-US","potentialAction":[{"@type":"ReadAction","target":["https://revistas.uc.cl/psykhe/retardo-mental-socio-cultural/"]}]},{"@type":"BreadcrumbList","@id":"https://revistas.uc.cl/psykhe/retardo-mental-socio-cultural/#breadcrumb","itemListElement":[{"@type":"ListItem","position":1,"name":"Portada","item":"https://revistas.uc.cl/"},{"@type":"ListItem","position":2,"name":"Psykhe","item":"https://revistas.uc.cl/psykhe/"},{"@type":"ListItem","position":3,"name":"Retardo Mental Socio Cultural"}]},{"@type":"WebSite","@id":"https://revistas.uc.cl/#website","url":"https://revistas.uc.cl/","name":"Portal de Revistas","description":"Información de las revistas de investigación de la UC","potentialAction":[{"@type":"SearchAction","target":{"@type":"EntryPoint","urlTemplate":"https://revistas.uc.cl/?s={search_term_string}"},"query-input":"required name=search_term_string"}],"inLanguage":"en-US"}]}</script>
<!-- / Yoast SEO plugin. -->

Se analiza el concepto de deprivación&nbsp;psicológica desde una perspectiva histórica hasta llegar al de deprivación socio-cultural y al retardo mental socio-cultural. Se analiza críticamente el término retardo, enfatizando que, en esencia, se trata de diferencias socio-culturales que afectan a los niños de nivel socioeconómico bajo, que se transforman en desventajas, al tratar de incorporarse al [&hellip;]

Información de las revistas de investigación de la UC
